{"id":33,"date":"2015-05-13T06:31:47","date_gmt":"2015-05-13T06:31:47","guid":{"rendered":"http:\/\/biurorachunkowe-jaktorow.pl\/?page_id=33"},"modified":"2015-05-13T06:43:19","modified_gmt":"2015-05-13T06:43:19","slug":"cennik","status":"publish","type":"page","link":"http:\/\/biurorachunkowe-jaktorow.pl\/?page_id=33","title":{"rendered":"Cennik"},"content":{"rendered":"<p>Zaprezentowany cennik \u015bwiadczonych us\u0142ug mo\u017ce by\u0107 dowolnie modyfikowany zgodnie z potrzebami i mo\u017cliwo\u015bciami naszych Klient\u00f3w.<\/p>\n<p>Jeste\u015bmy dyspozycyjni i stawiamy na pe\u0142n\u0105 wsp\u00f3\u0142prac\u0119, naszym celem jest sprostanie potrzebom Klienta. Wsp\u00f3\u0142pracujemy z firmami z ca\u0142ej Polski.<\/p>\n<p>Orientacyjny cennik za miesi\u0119czn\u0105 ksi\u0119gow\u0105, przy zastosowaniu wyceny opartej na ilo\u015bci dokument\u00f3w ksi\u0119gowych w miesi\u0105cu, przedstawia si\u0119 w nast\u0119puj\u0105cy spos\u00f3b:<\/p>\n<table>\n<tbody>\n<tr>\n<td colspan=\"2\">Podatkowa Ksi\u0119ga Przychod\u00f3w i Rozchod\u00f3w<\/td>\n<\/tr>\n<tr>\n<td><span class=\"\">dokument\u00f3w ksi\u0119gowych<\/span><\/td>\n<td><strong><span class=\"\">cena netto<\/span><\/strong><\/td>\n<\/tr>\n<tr>\n<td>do 5<\/td>\n<td>150,00 z\u0142<\/td>\n<\/tr>\n<tr>\n<td>21 \u2013 50<\/td>\n<td>200,00 z\u0142<\/td>\n<\/tr>\n<tr>\n<td>51 \u2013 100<\/td>\n<td>400,00 z\u0142<\/td>\n<\/tr>\n<tr>\n<td>101 \u2013 150<\/td>\n<td>550,00 z\u0142<\/td>\n<\/tr>\n<tr>\n<td>151 \u2013 200<\/td>\n<td>650,00 z\u0142<\/td>\n<\/tr>\n<tr>\n<td>Za ka\u017cde kolejne 50 dokument\u00f3w<\/td>\n<td>100,00 z\u0142<\/td>\n<\/tr>\n<\/tbody>\n<\/table>\n<table>\n<tbody>\n<tr>\n<td><strong>Ksi\u0119gi Handlowe<\/strong><\/td>\n<\/tr>\n<tr>\n<td><span class=\"\">dokument\u00f3w ksi\u0119gowych<\/span><\/td>\n<td><strong><span class=\"\">cena netto<\/span><\/strong><\/td>\n<\/tr>\n<tr>\n<td>do 10<\/td>\n<td>300,00 z\u0142<\/td>\n<\/tr>\n<tr>\n<td>11 \u2013 50<\/td>\n<td>600,00 z\u0142<\/td>\n<\/tr>\n<tr>\n<td>51 \u2013 100<\/td>\n<td>1000,00 z\u0142<\/td>\n<\/tr>\n<tr>\n<td>101 \u2013 200<\/td>\n<td>1600,00 z\u0142<\/td>\n<\/tr>\n<tr>\n<td>Za ka\u017cde kolejne 50 dokument\u00f3w<\/td>\n<td>300,00 z\u0142<\/td>\n<\/tr>\n<\/tbody>\n<\/table>\n<table>\n<tbody>\n<tr>\n<td style=\"text-align: left;\"><strong>Kadry &#8211; P\u0142ace<br \/>\n<\/strong><\/td>\n<\/tr>\n<tr>\n<td><span class=\"\">ilo\u015b\u0107 pracownik\u00f3w<br \/>\n<\/span><\/td>\n<td><strong><span class=\"\">cena netto<\/span><\/strong><\/td>\n<\/tr>\n<tr>\n<td>do 20 pracownik\u00f3w<\/td>\n<td>25,00 z\u0142 \/ miesi\u0119cznie \/ za jednego pracownika<\/td>\n<\/tr>\n<tr>\n<td>powy\u017cej 20 pracownik\u00f3w<\/td>\n<td>cena ustalana indywidualnie<\/td>\n<\/tr>\n<tr>\n<td>Za umowy cywilno-prawne bez ZUS<\/td>\n<td>15,00 z\u0142<\/td>\n<\/tr>\n<tr>\n<td>Za umowy cywilno-prawne z ZUS<\/td>\n<td>20,00 z\u0142<\/td>\n<\/tr>\n<\/tbody>\n<\/table>\n","protected":false},"excerpt":{"rendered":"<p>Zaprezentowany cennik \u015bwiadczonych us\u0142ug mo\u017ce by\u0107 dowolnie modyfikowany zgodnie z potrzebami i mo\u017cliwo\u015bciami naszych Klient\u00f3w. Jeste\u015bmy dyspozycyjni i stawiamy na pe\u0142n\u0105 wsp\u00f3\u0142prac\u0119, naszym celem jest sprostanie potrzebom Klienta. Wsp\u00f3\u0142pracujemy z firmami z ca\u0142ej Polski. Orientacyjny cennik za miesi\u0119czn\u0105 ksi\u0119gow\u0105, przy zastosowaniu wyceny opartej na ilo\u015bci dokument\u00f3w ksi\u0119gowych w miesi\u0105cu, przedstawia si\u0119 w nast\u0119puj\u0105cy spos\u00f3b: Podatkowa [&hellip;]<\/p>\n","protected":false},"author":2,"featured_media":0,"parent":0,"menu_order":0,"comment_status":"closed","ping_status":"closed","template":"","meta":{"footnotes":""},"class_list":["post-33","page","type-page","status-publish","hentry"],"_links":{"self":[{"href":"http:\/\/biurorachunkowe-jaktorow.pl\/index.php?rest_route=\/wp\/v2\/pages\/33","targetHints":{"allow":["GET"]}}],"collection":[{"href":"http:\/\/biurorachunkowe-jaktorow.pl\/index.php?rest_route=\/wp\/v2\/pages"}],"about":[{"href":"http:\/\/biurorachunkowe-jaktorow.pl\/index.php?rest_route=\/wp\/v2\/types\/page"}],"author":[{"embeddable":true,"href":"http:\/\/biurorachunkowe-jaktorow.pl\/index.php?rest_route=\/wp\/v2\/users\/2"}],"replies":[{"embeddable":true,"href":"http:\/\/biurorachunkowe-jaktorow.pl\/index.php?rest_route=%2Fwp%2Fv2%2Fcomments&post=33"}],"version-history":[{"count":8,"href":"http:\/\/biurorachunkowe-jaktorow.pl\/index.php?rest_route=\/wp\/v2\/pages\/33\/revisions"}],"predecessor-version":[{"id":43,"href":"http:\/\/biurorachunkowe-jaktorow.pl\/index.php?rest_route=\/wp\/v2\/pages\/33\/revisions\/43"}],"wp:attachment":[{"href":"http:\/\/biurorachunkowe-jaktorow.pl\/index.php?rest_route=%2Fwp%2Fv2%2Fmedia&parent=33"}],"curies":[{"name":"wp","href":"https:\/\/api.w.org\/{rel}","templated":true}]}}